4 a multiple of 216?
False
Is 1230625660 a multiple of 6478?
True
Is 97051863 a multiple of 83?
False
Does 107 divide 218162928?
False
Is 1889 a factor of 674971813?
True
Is 72 a factor of 1080753264?
True
Is 202 a factor of 6384008?
True
Is 32281257 a multiple of 661?
True
Does 139 divide 111232311?
False
Is 142281678 a multiple of 47?
False
Is 142 a factor of 6117093?
False
Does 483 divide 131799392?
False
Does 4 divide 5512875?
False
Is 7240897079 a multiple of 6617?
True
Is 2 a factor of 5038827?
False
Is 51833324 a multiple of 1026?
False
Is 209319814 a multiple of 29?
False
Is 135 a factor of 9752958?
False
Does 10 divide 57019650?
True
Is 40965420 a multiple of 139?
False
Is 1978029364 a multiple of 438?
False
Is 23608053 a multiple of 17?
True
Does 24 divide 32953944?
True
Does 483 divide 32284686?
True
Is 124466186 a multiple of 264?
False
Is 614 a factor of 19057332?
True
Is 7754166 a multiple of 18?
True
Does 31 divide 1598392875?
False
Is 283842423 a multiple of 171?
False
Does 25 divide 5524693?
False
Is 2523 a factor of 1209047356?
False
Does 21 divide 25272282?
True
Does 53 divide 106374940?
False
Is 150 a factor of 4528998?
False
Does 9 divide 89902573?
False
Does 512 divide 133847466?
False
Is 115 a factor of 11644555?
True
Is 18 a factor of 553448934?
True
Is 417 a factor of 1903135875?
True
Is 68 a factor of 20067129?
False
Is 11 a factor of 10564191?
True
Does 114 divide 28799934?
True
Is 319 a factor of 866902178?
False
Does 38 divide 285979494?
False
Is 219436277 a multiple of 439?
False
Does 389 divide 1263788257?
True
Does 330 divide 2354028990?
False
Does 4664 divide 452358805?
False
Does 95 divide 33280780?
True
Is 6 a factor of 38417705?
False
Is 228049882 a multiple of 40?
False
Does 11 divide 68726394?
True
Does 67 divide 51200261?
True
Is 10809586 a multiple of 213?
False
Is 183 a factor of 482333100?
True
Is 58243655 a multiple of 76?
False
Is 2498 a factor of 843144944?
True
Is 13050659 a multiple of 340?
False
Is 1129476598 a multiple of 497?
False
Does 264 divide 54028594?
False
Is 2559908528 a multiple of 1509?
False
Does 534 divide 738799146?
True
Is 46176669 a multiple of 3173?
True
Is 2060003306 a multiple of 8174?
True
Does 163 divide 669930652?
True
Is 39806805 a multiple of 35?
False
Is 247230802 a multiple of 14?
True
Does 1298 divide 1040830?
False
Is 16 a factor of 29826219?
False
Does 492 divide 877777617?
False
Is 186 a factor of 109005300?
True
Does 499 divide 1601088551?
False
Does 1968 divide 77269684?
False
Is 503656 a multiple of 130?
False
Is 4658187300 a multiple of 65?
True
Does 115 divide 381863365?
True
Is 929720537 a multiple of 587?
True
Is 71190172 a multiple of 556?
False
Is 1163964400 a multiple of 20?
True
Is 694448964 a multiple of 27?
True
Is 149479768 a multiple of 488?
True
Is 7622506 a multiple of 11?
False
Is 364372600 a multiple of 4325?
True
Is 4 a factor of 94613188?
True
Does 101 divide 61445572?
True
Is 66 a factor of 117682686?
True
Is 11 a factor of 120057386?
False
Is 34591418 a multiple of 96?
False
Is 17289471 a multiple of 109?
True
Is 164 a factor of 308530084?
True
Is 56181539 a multiple of 15?
False
Does 88 divide 75982?
False
Is 65 a factor of 25167610?
True
Does 11 divide 9278178?
False
Is 26753580 a multiple of 3?
True
Is 333 a factor of 113743143?
True
Does 24 divide 93748104?
True
Is 14 a factor of 7771162?
True
Is 514 a factor of 17416890?
True
Does 111 divide 23312331?
True
Is 911853493 a multiple of 82?
False
Is 30699229 a multiple of 187?
True
Is 400 a factor of 2097159914?
False
Is 4330956 a multiple of 658?
True
Does 199 divide 413245894?
False
Is 51972778 a multiple of 2?
True
Is 48 a factor of 2562960?
True
Is 534465300 a multiple of 6?
True
Is 22 a factor of 56660048?
False
Is 2274 a factor of 5707740?
True
Is 626 a factor of 8830356?
True
Is 20 a factor of 86636083?
False
Is 302066030 a multiple of 434?
False
Is 1406251516 a multiple of 150?
False
Does 24 divide 6620842584?
True
Is 17149400 a multiple of 20?
True
Is 55 a factor of 950668439?
False
Is 13 a factor of 189880042?
False
Is 11 a factor of 848822641?
False
Is 1445 a factor of 539976270?
True
Does 9 divide 55113048?
True
Is 1890253440 a multiple of 2683?
False
Does 29 divide 21313808?
False
Is 11 a factor of 4243701193?
False
Is 36805074 a multiple of 619?
False
Does 2375 divide 27136750?
True
Is 386 a factor of 1861280034?
True
Is 902343495 a multiple of 13?
False
Is 1144 a factor of 6403152184?
True
Is 15073642 a multiple of 14?
False
Is 2036638000 a multiple of 8560?
True
Is 36 a factor of 2114445568?
False
Does 5 divide 189065?
True
Is 9 a factor of 55481140?
False
Does 6 divide 8513856?
True
Does 31 divide 904713269?
True
Is 75901713 a multiple of 781?
False
Is 432 a factor of 100360512?
True
Does 7 divide 1451504768?
True
Does 243 divide 728203508?
False
Is 8 a factor of 302993992?
True
Is 710243238 a multiple of 3?
True
Is 267 a factor of 392597601?
True
Is 206 a factor of 36548509?
False
Is 35233157 a multiple of 7?
False
Does 96 divide 120080832?
True
Does 8865 divide 5488755885?
True
Does 35 divide 804249165?
False
Is 84682878 a multiple of 791?
True
Is 5194 a factor of 1009027992?
True
Does 78 divide 10574972?
False
Is 359 a factor of 18146373?
True
Is 24 a factor of 214965478?
False
Is 28 a factor of 43747032?
True
Is 220003953 a multiple of 61?
False
Is 8611197 a multiple of 7?
True
Does 167 divide 450215133?
True
Is 3898099844 a multiple of 4582?
True
Does 1333 divide 19752394?
True
Is 34140589 a multiple of 9?
False
Is 1535628434 a multiple of 162?
False
Is 34871454 a multiple of 47?
False
Does 83 divide 452923696?
True
Does 440 divide 1182939120?
True
Is 2902421267 a multiple of 21?
False
Is 314 a factor of 275778874?
False
Is 407 a factor of 170474799?
True
Does 35 divide 12265715?
True
Does 4 divide 58986201?
False
Is 550417432 a multiple of 2130?
False
Is 712205165 a multiple of 7?
True
Is 1655 a factor of 183267130?
False
Is 2050321607 a multiple of 288?
False
Does 2073 divide 18111801?
True
Is 21 a factor of 425886454?
False
Is 3850 a factor of 32373316?
False
Does 59 divide 4619077683?
False
Does 673 divide 46909190?
False
Is 129705684 a multiple of 72?
False
Does 12 divide 137417043?
False
Does 12 divide 12444420?
True
Is 31 a factor of 686952746?
True
Is 1041 a factor of 10920090?
True
Is 78726691 a multiple of 66?
False
Does 818 divide 92708848?
True
Is 40735032 a multiple of 104?
True
Is 37840331 a multiple of 39?
False
Does 4686 divide 2456766708?
True
Is 414044345 a multiple of 5?
True
Is 560 a factor of 131383840?
True
Is 16 a factor of 152691856?
True
Is 931656122 a multiple of 24?
False
Does 843 divide 6828544639?
False
Is 581350 a multiple of 424?
False
Does 23 divide 67506128?
False
Is 5 a factor of 175890112?
False
Is 73 a factor of 5101935?
False
Is 206 a factor of 201924062?
False
Is 481 a factor of 16704649?
True
Is 254952762 a multiple of 1317?
True
Is 79 a factor of 209085451?
False
Does 42 divide 20553330?
True
Does 269 divide 270977150?
True
Does 121 divide 21072285?
False
Does 24 divide 25896247?
False
Does 51 divide 10431156?
False
Is 29 a factor of 25036889?
True
Is 211219281 even?
False
Is 28163196 a multiple of 9?
True
Is 10049756 a multiple of 414?
False
Is 7 a factor of 8801401?
True
Does 15 divide 4420137874?
False
Does 143 divide 220555907?
True
Is 577925052 a multiple of 30?
False
Is 1049156766 a multiple of 3338?
True
Is 74 a factor of 1802625163?
False
Does 47 divide 147212883?
True
Is 110 a factor of 47074146?
False
Is 15 a factor of 507710535?
True
Is 773916 a multiple of 39?
True
Does 443 divide 40384177?
False
Is 9 a factor of 391629357?
True
Is 1667 a factor of 3084602718?
False
Is 1657 a factor of 27922290?
False
Does 12 divide 106159163?
False
Is 533359776 a multiple of 1272?
True
Is 2 a factor of 1905320?
True
Is 92635608 a multiple of 104?
True
Does 403 divide 67430304?
False
Is 246547016 a multiple of 22?
False
Is 4360216601 a multiple of 50?
False
Is 156 a factor of 20825949?
False
Is 59 a factor of 3558703?
True
Is 7 a factor of 32571868?
True
Does 379 divide 537410306?
False
Is 1072 a factor of 961711401?
False
Is 177 a factor of 119973289?
False
Does 111 divide 55642635?
True
Does 2976 divide 1044584928?
True
Does 1212